{"id":867,"date":"2025-08-27T16:05:43","date_gmt":"2025-08-27T14:05:43","guid":{"rendered":"https:\/\/ballesgolf.ch\/?post_type=product&#038;p=867"},"modified":"2026-02-14T09:59:08","modified_gmt":"2026-02-14T08:59:08","slug":"topflite-rose","status":"publish","type":"product","link":"https:\/\/ballesgolf.ch\/index.php\/produit\/topflite-rose\/","title":{"rendered":"Topflite rose"},"content":{"rendered":"<figure id=\"attachment_872\" aria-describedby=\"caption-attachment-872\" style=\"width: 300px\" class=\"wp-caption alignnone\"><img loading=\"lazy\" decoding=\"async\" class=\"size-medium wp-image-872\" src=\"https:\/\/ballesgolf.ch\/wp-content\/uploads\/2025\/08\/IMG_1753-300x225.jpg\" alt=\"Topflite rose\" width=\"300\" height=\"225\" title=\"\" srcset=\"https:\/\/ballesgolf.ch\/wp-content\/uploads\/2025\/08\/IMG_1753-300x225.jpg 300w, https:\/\/ballesgolf.ch\/wp-content\/uploads\/2025\/08\/IMG_1753-1024x768.jpg 1024w, https:\/\/ballesgolf.ch\/wp-content\/uploads\/2025\/08\/IMG_1753-768x576.jpg 768w, https:\/\/ballesgolf.ch\/wp-content\/uploads\/2025\/08\/IMG_1753-1536x1152.jpg 1536w, https:\/\/ballesgolf.ch\/wp-content\/uploads\/2025\/08\/IMG_1753-2048x1536.jpg 2048w, https:\/\/ballesgolf.ch\/wp-content\/uploads\/2025\/08\/IMG_1753-1200x900.jpg 1200w, https:\/\/ballesgolf.ch\/wp-content\/uploads\/2025\/08\/IMG_1753-400x300.jpg 400w\" sizes=\"auto, (max-width: 300px) 85vw, 300px\" \/><figcaption id=\"caption-attachment-872\" class=\"wp-caption-text\">Topflite rose<\/figcaption><\/figure>\n<h2 data-start=\"209\" data-end=\"258\"><strong data-start=\"219\" data-end=\"258\">Top Flite Golf Balls \u2013 \u00c9dition Rose<\/strong><\/h2>\n<h3 data-start=\"260\" data-end=\"286\">\ud83c\udfaf Visibilit\u00e9 maximale<\/h3>\n<p data-start=\"287\" data-end=\"487\">Sa couleur rose vive permet de rep\u00e9rer facilement la balle sur le fairway, dans le rough ou m\u00eame par temps couvert. Id\u00e9ale pour celles et ceux qui veulent gagner du temps\u2026 et ne plus perdre de balles.<\/p>\n<h3 data-start=\"489\" data-end=\"516\">\ud83d\ude80 Distance et contr\u00f4le<\/h3>\n<p data-start=\"517\" data-end=\"764\">Con\u00e7ue pour offrir une excellente distance au drive, la Topflite rose dispose d\u2019un noyau performant favorisant une vitesse de balle \u00e9lev\u00e9e et une trajectoire stable. Son enveloppe r\u00e9sistante am\u00e9liore \u00e9galement le contr\u00f4le sur les coups d\u2019approche.<\/p>\n<h3 data-start=\"766\" data-end=\"791\">\ud83d\udc8e R\u00e9sistance durable<\/h3>\n<p data-start=\"792\" data-end=\"924\">Sa construction robuste permet une meilleure long\u00e9vit\u00e9, m\u00eame apr\u00e8s plusieurs parties. Un excellent choix pour les joueurs r\u00e9guliers.<\/p>\n<h3 data-start=\"926\" data-end=\"946\">\ud83c\udf38 Style affirm\u00e9<\/h3>\n<p data-start=\"947\" data-end=\"1090\">Au-del\u00e0 de la performance, la version rose apporte une touche tendance et originale sur le parcours. Parfaite pour se d\u00e9marquer avec confiance.<\/p>\n<hr data-start=\"1092\" data-end=\"1095\" \/>\n<h3 data-start=\"1097\" data-end=\"1114\">\ud83d\udc49 Pour qui ?<\/h3>\n<ul data-start=\"1115\" data-end=\"1267\">\n<li data-start=\"1115\" data-end=\"1159\">\n<p data-start=\"1117\" data-end=\"1159\">D\u00e9butants souhaitant une balle tol\u00e9rante<\/p>\n<\/li>\n<li data-start=\"1160\" data-end=\"1206\">\n<p data-start=\"1162\" data-end=\"1206\">Joueurs recherchant distance et durabilit\u00e9<\/p>\n<\/li>\n<li data-start=\"1207\" data-end=\"1267\">\n<p data-start=\"1209\" data-end=\"1267\">Golfeuses et golfeurs aimant allier performance et style<\/p>\n<\/li>\n<\/ul>\n","protected":false},"excerpt":{"rendered":"<p>Top Flite Golf Balls \u2013 \u00c9dition Rose \ud83c\udfaf Visibilit\u00e9 maximale Sa couleur rose vive permet de rep\u00e9rer facilement la balle sur le fairway, dans le rough ou m\u00eame par temps couvert. Id\u00e9ale pour celles et ceux qui veulent gagner du temps\u2026 et ne plus perdre de balles. \ud83d\ude80 Distance et contr\u00f4le Con\u00e7ue pour offrir une &hellip; <a href=\"https:\/\/ballesgolf.ch\/index.php\/produit\/topflite-rose\/\" class=\"more-link\">Continuer la lecture<span class=\"screen-reader-text\"> de &laquo;&nbsp;Topflite rose&nbsp;&raquo;<\/span><\/a><\/p>\n","protected":false},"featured_media":872,"comment_status":"open","ping_status":"closed","template":"","meta":{"jetpack_post_was_ever_published":false,"jetpack_publicize_message":"","jetpack_publicize_feature_enabled":true,"jetpack_social_post_already_shared":true,"jetpack_social_options":{"image_generator_settings":{"template":"highway","default_image_id":0,"font":"","enabled":false},"version":2}},"product_brand":[],"product_cat":[32],"product_tag":[],"class_list":{"0":"post-867","1":"product","2":"type-product","3":"status-publish","4":"has-post-thumbnail","6":"product_cat-topflite","8":"first","9":"instock","10":"shipping-taxable","11":"purchasable","12":"product-type-simple"},"jetpack_publicize_connections":[],"jetpack_sharing_enabled":true,"_links":{"self":[{"href":"https:\/\/ballesgolf.ch\/index.php\/wp-json\/wp\/v2\/product\/867","targetHints":{"allow":["GET"]}}],"collection":[{"href":"https:\/\/ballesgolf.ch\/index.php\/wp-json\/wp\/v2\/product"}],"about":[{"href":"https:\/\/ballesgolf.ch\/index.php\/wp-json\/wp\/v2\/types\/product"}],"replies":[{"embeddable":true,"href":"https:\/\/ballesgolf.ch\/index.php\/wp-json\/wp\/v2\/comments?post=867"}],"wp:featuredmedia":[{"embeddable":true,"href":"https:\/\/ballesgolf.ch\/index.php\/wp-json\/wp\/v2\/media\/872"}],"wp:attachment":[{"href":"https:\/\/ballesgolf.ch\/index.php\/wp-json\/wp\/v2\/media?parent=867"}],"wp:term":[{"taxonomy":"product_brand","embeddable":true,"href":"https:\/\/ballesgolf.ch\/index.php\/wp-json\/wp\/v2\/product_brand?post=867"},{"taxonomy":"product_cat","embeddable":true,"href":"https:\/\/ballesgolf.ch\/index.php\/wp-json\/wp\/v2\/product_cat?post=867"},{"taxonomy":"product_tag","embeddable":true,"href":"https:\/\/ballesgolf.ch\/index.php\/wp-json\/wp\/v2\/product_tag?post=867"}],"curies":[{"name":"wp","href":"https:\/\/api.w.org\/{rel}","templated":true}]}}